{"id":275,"date":"2022-10-11T20:06:01","date_gmt":"2022-10-11T19:06:01","guid":{"rendered":"http:\/\/ct-viennatours.com\/?page_id=275"},"modified":"2022-10-22T12:08:31","modified_gmt":"2022-10-22T11:08:31","slug":"impressum","status":"publish","type":"page","link":"http:\/\/ct-viennatours.com\/?page_id=275","title":{"rendered":"Impressum"},"content":{"rendered":"\n<p class=\"has-medium-font-size\">Inhaberin und f\u00fcr den Inhalt verantwortlich:<\/p>\n\n\n\n<p class=\"has-medium-font-size\">Siew Fen THAM<\/p>\n\n\n\n<p class=\"has-medium-font-size\">Staatlich gepr\u00fcfte Fremdenf\u00fchrerin &nbsp;&nbsp;<\/p>\n\n\n\n<p class=\"has-medium-font-size\">Fellnergasse 33<br>A-1220 Wien<\/p>\n\n\n\n<p class=\"has-medium-font-size\">E-Mail: cheryl@ct-viennatours.com<br>www.ct-viennatours.com<\/p>\n\n\n\n<figure class=\"wp-block-image size-full\"><img fetchpriority=\"high\" decoding=\"async\" width=\"346\" height=\"184\" src=\"http:\/\/ct-viennatours.com\/wp-content\/uploads\/2022\/10\/Logo_Austriaguides.jpg\" alt=\"\" class=\"wp-image-280\" srcset=\"http:\/\/ct-viennatours.com\/wp-content\/uploads\/2022\/10\/Logo_Austriaguides.jpg 346w, http:\/\/ct-viennatours.com\/wp-content\/uploads\/2022\/10\/Logo_Austriaguides-300x160.jpg 300w\" sizes=\"(max-width: 346px) 100vw, 346px\" \/><\/figure>\n\n\n\n<p class=\"has-medium-font-size\">Fotorechte: Privatarchiv<\/p>\n","protected":false},"excerpt":{"rendered":"<p>Inhaberin und f\u00fcr den Inhalt verantwortlich: Siew Fen THAM Staatlich gepr\u00fcfte Fremdenf\u00fchrerin &nbsp;&nbsp; Fellnergasse 33A-1220 Wien E-Mail: cheryl@ct-viennatours.comwww.ct-viennatours.com Fotorechte: Privatarchiv<\/p>\n","protected":false},"author":2,"featured_media":0,"parent":0,"menu_order":0,"comment_status":"closed","ping_status":"closed","template":"","meta":{"footnotes":""},"class_list":["post-275","page","type-page","status-publish","hentry"],"_links":{"self":[{"href":"http:\/\/ct-viennatours.com\/index.php?rest_route=\/wp\/v2\/pages\/275"}],"collection":[{"href":"http:\/\/ct-viennatours.com\/index.php?rest_route=\/wp\/v2\/pages"}],"about":[{"href":"http:\/\/ct-viennatours.com\/index.php?rest_route=\/wp\/v2\/types\/page"}],"author":[{"embeddable":true,"href":"http:\/\/ct-viennatours.com\/index.php?rest_route=\/wp\/v2\/users\/2"}],"replies":[{"embeddable":true,"href":"http:\/\/ct-viennatours.com\/index.php?rest_route=%2Fwp%2Fv2%2Fcomments&post=275"}],"version-history":[{"count":6,"href":"http:\/\/ct-viennatours.com\/index.php?rest_route=\/wp\/v2\/pages\/275\/revisions"}],"predecessor-version":[{"id":422,"href":"http:\/\/ct-viennatours.com\/index.php?rest_route=\/wp\/v2\/pages\/275\/revisions\/422"}],"wp:attachment":[{"href":"http:\/\/ct-viennatours.com\/index.php?rest_route=%2Fwp%2Fv2%2Fmedia&parent=275"}],"curies":[{"name":"wp","href":"https:\/\/api.w.org\/{rel}","templated":true}]}}